 w(x) = -44*x**2 + 2*x - 5. Let d(r) = -5*i(r) + 3*w(r). Calculate d(0).
0
Suppose 0 = -5*x - 3*g + 20, 4*x - 19 = 2*g - 5*g. Let d(i) = 6*i + x - i + 6*i - 5*i. Determine d(-2).
-11
Let x(m) = -m**3 - 6*m**2 - 6*m - 4. Let a = 50 - 57. Let v(f) = -f**3 + f - f**2 + 2 - 6*f**2 + 0*f**2. Let c be v(a). Calculate x(c).
1
Let t(q) = 3*q - 4. Let o be (-2 - 0)*11/(-2). Let m = -875 + 879. Let y(z) = -8*z + 12. Let k(p) = m*y(p) + o*t(p). Calculate k(-3).
1
Let x be (1/(-1))/((12/30)/2). Let g be 0/(x + 0) - -5. Let l(q) = q**3 - 6*q**2 + 4*q. Determine l(g).
-5
Let k(j) = -j. Let o(y) = -y + 1. Let s(f) = -2*k(f) + o(f). Let p = 3159 - 3155. Give s(p).
5
Let h(o) be the third derivative of o**5/60 - o**4/3 - 2*o**3/3 + 92*o**2. What is h(8)?
-4
Let b(i) = -i**3 + 9*i**2 + 9*i + 4. Let a(u) = u**2 + 75*u - 66. Let o be a(-76). Determine b(o).
-6
Let i(r) = r**3 - 5*r**2 + 5*r - 5. Let v be 2/(-1*(-3)/6) - 0. Determine i(v).
-1
Let c(k) = 2 + k - 2. Let t be c(-2). Let q(y) = y**2 + y + 1. What is q(t)?
3
Let t(u) = 2 - u**2 + 2 - 2 + 6*u + 1. Let h = 39 - 23. Let v = h + -11. What is t(v)?
8
Let a(s) = 9*s**2 + 91*s**3 - 17*s + 92*s**3 - 3*s**2 - 182*s**3 - 6. Let r be a(-8). Let u(w) = w**2 + w + 2. Give u(r).
8
Let k(n) = -n**2 - 35*n - 40. Let p be k(-34). Let y(a) = -2*a - 5. Determine y(p).
7
Let a = 4511 - 4508. Let m(b) = b**3 - 4*b**2 - 5*b + 7. Let d(x) = x**3 - 4*x**2 - 5*x + 8. Let p(y) = -3*d(y) + 4*m(y). Determine p(a).
-20
Suppose -12 = -3*f - 0*f. Let a be -1 + (-2)/(2/(-1)). Let j(n) = 0*n**2 - 2 + 0*n - 3*n + a*n - n**3 + 5*n**2. Calculate j(f).
2
Let s(g) = -23*g + 139. Let t be s(6). Let z(b) = -2*b**2 + b. What is z(t)?
-1
Let o(f) = -7*f**2 + f - 17. Let d(a) = -1. Let x(b) = 2*d(b) - o(b). Let g(r) be the first derivative of x(r). Determine g(-1).
-15
Let j(v) = -v + 7. Suppose 11*b - 6*b = 20. Suppose -4*y + 5*q - 35 = 5, -3*y = -b*q + 31. Give j(y).
12
Let o(f) be the third derivative of -f**5/60 - f**4/24 + 5*f**3/3 - 106*f**2. Let k(r) = -r**3 - 6*r**2 - 5*r. Let z be k(-5). Calculate o(z).
10
Suppose 2*t = -4*i - 4, -21 = -3*t + i + 2*i. Let z(f) = f + f**3 - 1 + 0*f + 0 - 2 - 4*f**2. Let b be z(t). Let m(h) = -3*h - 1. Determine m(b).
-4
Let v(d) = d + 1. Suppose -c = 3*w - 5, 3*w = 2*w + c - 1. Let y = 12 + w. Let l = -7 + y. Determine v(l).
7
Let k(d) = -5*d**3 + d**2 + 2*d + 1. Let n = 1 - 29. Let p = 27 + n. Determine k(p).
5
Suppose 3*k - 3*h = 63, 0 = -2*k - 3*h - 7 + 29. Suppose -2*u = -13 + k. Let z(x) = -2*x**3 + x + 2. Give z(u).
16
Let q(k) = -17*k + 5*k**2 + 9*k**2 - 13 - 15*k**2. Calculate q(-16).
3
Let y(j) = 3*j**3 - 6. Let o(l) = -4*l**3 - 2*l**2 + 7. Let t(s) = 2*o(s) + 3*y(s). Let x(w) = 4*w - 29. Let b be x(8). Give t(b).
-13
Let o(t) = 31*t**2 + 40*t**2 + 34*t**2 - 106*t**2 + 9 - t. Give o(4).
-11
Let v(s) = -s**2 - 16*s - 31. Let j be ((-40)/12 - 10) + 4/(-6). Calculate v(j).
-3
Let a(c) = 2*c**2 - c - 15. Let y(w) = w**2 - w - 8. Let j(b) = -3*a(b) + 5*y(b). Let o(t) = -11*t - 71. Let h be o(-6). Calculate j(h).
-10
Let p(y) = -y - 1. Let t(c) = 2*c - 5. Let s(v) = -2*p(v) + t(v). Let z(k) = k**3 + 3*k**2 - 2*k. Let j be z(1). Suppose h - j = 1. Determine s(h).
9
Suppose v - 4*v + 3*a = -126, -4*a + 8 = 0. Suppose -2*x - b + 35 = -0*b, 0 = -2*x - 4*b + v. Let h = x - 14. Let t(o) = -o + 4. What is t(h)?
2
Let y(i) = -i + 2*i + 3*i + 55 - 47. Calculate y(-5).
-12
Let f(q) = 10 - 34 - 8*q**2 + 7 + 9 + q**3. Calculate f(8).
-8
Let c be (-1)/2*(11 - 3). Let x(g) = -g**3 - 5*g**2 - 4*g - 1. Calculate x(c).
-1
Let l(i) = i**3 - 7*i**2 - 6*i - 13. Let q be l(8). Let g(x) = x - 2*x - x**q - 2*x**2 + 4*x**2. Suppose s + 4*s - 17 = 4*z, 4*s = 3*z + 13. Calculate g(s).
0
Let d(r) be the third derivative of -r**6/120 - 2*r**5/15 + r**4/12 + 7*r**3/6 - 10*r**2 + 5. Determine d(-8).
-9
Let y(h) = h**2 - 4*h - 2. Let v be y(5). Suppose 2*b - v*b = -43. Let c(k) = 43 - k - b. Determine c(-1).
1
Let r(f) = 8*f**3 - f**2 - 2*f - 1. Let d = -8 - 17. Let j = d + 24. What is r(j)?
-8
Let w(l) be the second derivative of l**5/40 + l**4/8 - 5*l**3/2 + 9*l. Let f(x) be the second derivative of w(x). Give f(4).
15
Let d(c) be the third derivative of 2/3*c**3 + 1/30*c**5 + 0*c + 0 + 1/4*c**4 + 7*c**2. Calculate d(-4).
12
Let g(q) be the third derivative of q**8/20160 - q**7/1008 + q**6/360 + q**5/20 - 34*q**2. Let h(j) be the third derivative of g(j). Give h(4).
-2
Let j(k) = 9*k**2 - 3*k - 6. Let v(y) = -5*y**2 + y + 3. Let u(x) = -6*j(x) - 11*v(x). Let z = 141 - 147. Determine u(z).
-3
Let r(a) = 92*a + 364. Let x be r(-4). Let q(n) = n**3 + 7*n**2 + 6*n + 6. Give q(x).
30
Let n(z) = 1 - 146*z - 8 + 1 + 138*z + 2*z**2. Calculate n(6).
18
Let r(d) = -126*d + 71*d + 64*d. Give r(1).
9
Let q(a) = 11*a**2 - 3*a - 4. Let m(d) = -9*d**2 + d + 5. Let k(l) = 6*m(l) + 5*q(l). Calculate k(8).
2
Suppose -9*d + 25 = -11. Let v(r) = -3*r + 8*r - 2 - 2*r. What is v(d)?
10
Let k(h) = -h**3 - 40*h**2 - 72*h + 169. Let g be k(-38). Let x(r) = -r**3 + 18*r**2 - 17*r - 15. Determine x(g).
-15
Let h(l) = -13 + 20 - l - 4*l - l**2. Suppose 2*u - 4 = 0, -r + 4 + 1 = 5*u. Let j be h(r). Let g(x) = x**3 - 6*x**2 - 7*x - 6. Calculate g(j).
-6
Let u(i) = 12*i**3 - i - 1. Let m(o) be the second derivative of o**4/12 + 13*o**3/6 + 41*o**2/2 - 2*o + 16. Let z be m(-6). Determine u(z).
-12
Let x(p) = p**3 - 5*p**2 - 5*p + 6. Let z(i) be the third derivative of 5*i**4/6 - i**3/6 + 4*i**2. Let a be z(-1). Let h = -15 - a. Calculate x(h).
12
Let p(b) be the third derivative of -b**5/60 + 5*b**4/24 - b**3 + 43*b**2. Let g(i) = 7*i - 2. Let v be g(1). Give p(v).
-6
Let r = -114 + 110. Let v(y) be the first derivative of y**2/2 - y + 23. Determine v(r).
-5
Let y(w) = 8*w**2 + 3*w + 1. Let r be (-40 + 8)/(-8) + -5. What is y(r)?
6
Let l = -74 - -78. Let a(q) = 3 + q - 4 - 5*q**2 - l*q**2. What is a(1)?
-9
Let j(h) = -4*h - 13. Let x be j(-4). Let y be x/(12/(-28) - (-90)/112). Let l(a) = a - 4. Give l(y).
4
Let r = 7 + 6. Let g = r + -11. Let u = 4 - g. Let z(p) = 3*p**2 - 2*p - 2. Give z(u).
6
Let p be (3/(-2))/(8/48). Let b(r) be the third derivative of r**6/120 + 3*r**5/20 + r**3/3 + 9*r**2 - 4*r. Give b(p).
2
Suppose -6*m + 5 - 23 = 0. Let o(l) = 0 + 3*l - 2 + 1. Determine o(m).
-10
Let p be (0 - -1)/(1*(-8)/(-16)). Suppose 3*x + p = -28. Let w(n) = n**2 + 11*n + 12. Give w(x).
2
Let p(d) = 4*d - 2. Let n be p(1). Suppose 0 = -3*q + 2*m + 16, 3*m - 2 = n*q - 21. Let t(a) = a**2 + 3*a + 3*a - q*a - 5 - a. What is t(-5)?
5
Let n(f) = -44*f + 24*f - 4*f**2 - 3 + 23*f + 11 - f**3. Determine n(-4).
-4
Let m(c) = -235 - 9*c**2 + 4*c**3 + 261 + 5*c**3 + 15*c. Let f(v) = -5*v**3 + 4*v**2 - 8*v - 13. Let r(i) = -11*f(i) - 6*m(i). What is r(-10)?
7
Let o = -3 - -1. Let l = o - 0. Let v(k) = -2 - 8*k + 3*k + k + 3*k. Calculate v(l).
0
Let p(r) = -r**3 - 4*r**2 - 3*r - 3. Suppose -5*t = -23 - 7. Suppose t*u = -12 - 6. What is p(u)?
-3
Let q(v) be the third derivative of -v**6/360 + v**5/60 - v**4/24 - 8*v**3/3 - 39*v**2. Let o(s) be the first derivative of q(s). What is o(5)?
-16
Let m be 6 + 2 + 40/(-5). Let w(o) = -o + 6. Give w(m).
6
Let x(a) = -30*a - 11. Let p(s) = 4*s + 11*s - 1 + 7. Let o(q) = 13*p(q) + 6*x(q). Let m(r) = 8*r + 6. Let i(c) = 9*m(c) - 5*o(c). Determine i(-6).
12
Suppose -29 = -4*a - 5*c, 5 = -6*c + 7*c. Let s(n) = 18*n - 5. Let t(h) = h - 1. Let d(k) = -s(k) + 6*t(k). Determine d(a).
-13
Suppose 2*f - 7 = 1. Suppose -4*i - 29 = -3*t, -4*i = -0*i - f*t + 32. Let o(l) = -11*l - 5. Let y(b) = -7*b - 3. Let k(c) = -5*o(c) + 8*y(c). Determine k(i).
6
Let h(y) be the first derivative of 5*y**2/2 - 1. Let l = 55 + -49. Suppose -2*v + 10 = l. Determine h(v).
10
Let r = 31 - 61. Let w = r + 32. Let b be 1 + 14/w*-1. Let x(t) = t**2 + 9*t + 9. What is x(b)?
-9
Suppose -4*y = -2*y + 3*q - 10, -q - 5 = -y. Let w(f) = -f**3 + 6*f**2 - 3*f - 7. What is w(y)?
3
Let d(z) = -6 - 87135*z + 0 + 87134*z. Let k be 34/(-9) + (-4)/18. What is d(k)?
-2
Let l(m) = -744*m + m**3 + m**2 - 4 + 0 + 748*m + 0*m**2 + 16. Give l(-2).
0
Let t(r) = -3. Let m(u) = -u - 1. Let j(s) = 2*m(s) + t(s). Let h(q) = -4*q**2 - 118*q + 54. Let f be h(-30). Give j(f).
7
Let l(p) = -5*p + 19. Let g = 80 - 75. Give l(g).
-6
Let g(b) = b + 8. Let r(f) = f + 7. Let t(p) = -5*g(p) + 6*r(p)